?
20
Let m(w) = 3*w**3 - w**2 + 4*w - 2. Let c be m(1). Let k = -23 + 15. Let n be (1 + 22/(-4))*k. What is the greatest common factor of c and n?
4
Let q be 1/(1 - (0 + 2)) + 91. Suppose 26 = 3*h + j, 4*j - 10 = h - 36. Calculate the highest common factor of h and q.
10
Suppose 4*x + 25 = -7. Let a(y) = -7*y - 28. Let b be a(x). Calculate the highest common divisor of b and 70.
14
Let d be 3/4 - ((-24921)/52 - -12). What is the greatest common factor of d and 52?
52
Let f = -28 - -30. Suppose -f = -3*j + n, 0 = 5*n - 3*n - 2. Let c be (-1)/(20/(-19) + j). Calculate the highest common factor of 76 and c.
19
Let y = -40 + 62. Let x = -6 - -6. Let o be 4 + 36/2 + x. Calculate the greatest common divisor of y and o.
22
Suppose 5*b - 16 = -3*b. What is the highest common factor of 18 and b?
2
Let i(q) = 3*q - 9. Let x be i(3). Suppose 4*f = -2*w - x*w - 6, 2*f = -10. Suppose 70 = g + 4*g. What is the highest common factor of w and g?
7
Let z be 0 - -5*(-40)/(-50). Calculate the greatest common divisor of z and 248.
4
Suppose 13*n = 7 + 45. Calculate the greatest common factor of n and 464.
4
Let p be -3 + (-2 - -3) - -122. Suppose -24*y + 35 = -22*y - 5*h, 46 = 3*y - h. What is the highest common factor of y and p?
15
Let o be (3/(-2))/(2/4). Let k = 8 + o. Suppose -x + 3*x - k*h - 5 = 0, 4*h = 4. Calculate the greatest common factor of 5 and x.
5
Let c(o) = -o**3 + 2*o - 18. Let m be c(0). Let d be (-2578)/m - 18/81. What is the highest common divisor of d and 13?
13
Let z be (2 + -1 + -2)*-8. Let h be 44/(-3*(-8)/48). Calculate the greatest common divisor of z and h.
8
Let b be ((-16)/5 - -2)/((-40)/26600). What is the greatest common factor of 42 and b?
42
Suppose -46*m = -59*m + 78. What is the highest common divisor of 300 and m?
6
Let z = 155 - 103. Let b = 79 - z. What is the greatest common divisor of b and 189?
27
Suppose 3*t + 3*y - 177 = 0, 5*t - 445 = 4*y - 141. Suppose x + 15 = t. Calculate the greatest common factor of x and 9.
9
Let m(y) = 2*y**2 - 7*y + 5. Let s be m(4). Suppose 11*n + 253 - 451 = 0. Calculate the greatest common divisor of s and n.
9
Suppose -44*t = -62*t + 126. What is the greatest common factor of t and 9?
1
Let h(z) = z**3 + 28*z**2 - 40*z + 94. Let t be h(-29). Calculate the highest common factor of 7 and t.
7
Let h = -1104 + 1328. What is the greatest common factor of 140 and h?
28
Let z = -92 + 128. Calculate the greatest common divisor of 549 and z.
9
Let v(a) = 18*a**2 + 28*a + 119. Let s be v(-5). What is the greatest common divisor of s and 39?
39
Let n be 2646/8*1 - (-579)/(-772). Calculate the highest common factor of 462 and n.
66
Suppose -19*u = -18*u - 3. Suppose 2*d = -k + 3*k + 76, -3*d - u*k + 144 = 0. Calculate the greatest common divisor of 86 and d.
43
Let c(g) = -g**3 - 16*g**2 + g + 22. Suppose 2*y + 330 = 298. Let r be c(y). What is the highest common factor of r and 48?
6
Suppose -l + s = -3*l + 19, -s = 4*l - 41. Suppose 7*z - l*z + 24 = 0. Calculate the highest common divisor of 42 and z.
6
Suppose -5*b + 2*u + 337 = 0, 5*b + 5*u - 4*u - 349 = 0. What is the highest common factor of 3 and b?
3
Let o = 65 + -17. What is the highest common divisor of 24 and o?
24
Let y(p) = -6*p - 9 + 3 + 6*p + p. Let v be y(8). Suppose 3*i - v*a - 32 = -3*a, 0 = -4*i - 2*a + 40. What is the highest common divisor of 60 and i?
12
Let n be 2/((-30)/34 + 1). Suppose 16*f = 17*f - 99. Suppose 5*t - f = 836. What is the highest common divisor of t and n?
17
Suppose 3*o - 5*n = -4*n + 5, 0 = 2*n + 4. Let r be (o*-1)/(-2*3/36). Calculate the greatest common factor of r and 21.
3
Let h = -88 + 89. What is the greatest common divisor of h and 23?
1
Let u = 46 + -29. Let n = 340 - 221. Calculate the highest common divisor of n and u.
17
Let o be 2/((-32)/(-56))*(-20)/(-35). Suppose 5*i - 52 = -3*u, 57 = 4*i + 3*u + 13. What is the greatest common factor of i and o?
2
Let d(v) = v**3 - 12*v**2 - 10*v - 29. Let b be 5/(-10)*(-1 - 25). Let m be d(b). What is the highest common factor of 50 and m?
10
Let h = -4901 + 4949. Suppose p - 3*k = 6, 4*p - 30 = -p - 2*k. Calculate the highest common divisor of h and p.
6
Suppose 0 = -11*k + 3*k - 136. Let x = k - -137. Calculate the highest common divisor of 80 and x.
40
Let g(j) = j**2 + 8*j + 10. Let t = -21 - -15. Let x be g(t). Let o be 1017/36 - x/(-8). What is the greatest common factor of 140 and o?
28
Let p(q) = -q**2 - 9*q + 41. Let i be p(-12). Suppose -107 - 4 = -4*f - n, f = -i*n + 23. What is the highest common factor of 56 and f?
28
Let m = 19 + -13. Suppose -5*k + m*n + 375 = 2*n, 375 = 5*k - 5*n. Let r be k/(-2 + 5) + 0. What is the highest common divisor of r and 10?
5
Let k = 26 - 24. Suppose -5*n + k = x, 2*n - 6 = -2*n - 3*x. Suppose n*d = 2*d - 16. Calculate the greatest common divisor of d and 72.
8
Let c be (72/42)/(3/14). Calculate the highest common divisor of c and 36.
4
Suppose j - 84 = 92. What is the greatest common factor of j and 242?
22
Let c be 2/4*(93 + -13). What is the highest common divisor of c and 25?
5
Let j(s) = s**2 - 4*s - 8. Let g be j(6). Suppose -g = -4*l - 16. Let o be ((-2)/(-4))/(l/(-72)). Calculate the greatest common factor of 84 and o.
12
Let u be 10*-1*(-4 + 3/6). Let m be (192/(-56))/((-2)/u). What is the greatest common divisor of m and 5?
5
Let g(v) = 7*v + 4. Let w be g(1). Let i be -5*(1 - (-3)/(-5)). Let n = -1 - i. What is the highest common divisor of n and w?
1
Let n(w) = -w**2 + 14*w - 9. Let k be n(13). Suppose k + 0 = u. Calculate the highest common divisor of u and 1.
1
Let m = 103 + -103. Suppose m = o - 0*o - 78. What is the greatest common factor of 52 and o?
26
Let r be (-15 + -6)*((-4)/28 - 0). Calculate the greatest common divisor of r and 219.
3
Suppose -150 = 4*v - 166. What is the highest common divisor of v and 32?
4
Suppose -195*o - 99 = -204*o. Calculate the greatest common divisor of o and 11.
11
Let t = -6 - -10. Suppose 5*s + t*b - 80 = 14, -4*s + 5*b = -108. What is the highest common factor of s and 88?
22
Let t be ((-13)/6 - (-1)/(-2))*-24. Calculate the highest common divisor of 576 and t.
64
Suppose 927 + 773 = 4*l. What is the highest common divisor of 340 and l?
85
Suppose 4*s - 2*w = 14 + 58, w + 20 = s. Let q(p) = -p**3 + 8*p**2 - 8*p + 11. Let x be q(7). What is the highest common divisor of s and x?
4
Let n be 2 - (0/2 + -2). Suppose -n*u - 15 = -i, -4*u = i - 0*u + 9. Suppose 3*h + 2 = j, -3*j = -4*h - 3 - i. What is the highest common factor of j and 18?
2
Suppose 0 = 9*c - 30*c + 11340. Calculate the highest common divisor of 60 and c.
60
Let g be (-40)/(-10) - (-1 + -310). Let q(f) = -f**2 - 18*f + 45. Let n be q(-18). What is the highest common factor of g and n?
45
Suppose 7*v - 2*v = 30. Let b(m) = 26*m**2 - 5*m + 4. Let t be b(2). Let f = t + -56. What is the highest common factor of f and v?
6
Suppose v - 649 = -611. Let c be (-1)/6 - (-52)/24. Calculate the greatest common divisor of c and v.
2
Let h = -16 - -26. Suppose -f - 4 = g, 0*g + f = 3*g - 8. Let r = g + 9. Calculate the highest common factor of h and r.
10
Suppose 0 = -3*t - n - 0*n + 43, 4*n - 81 = -5*t. What is the highest common factor of t and 39?
13
Let f(z) = z**2 - 11*z - 9. Let c be f(12). Suppose u = -c*b, 0 = -b - u - 4*u. Suppose b = x - 3. What is the highest common factor of 3 and x?
3
Let u = 48 + -39. Suppose -23 = -l - u. Let i(x) = x**3 + 7*x**2 + 7*x + 8. Let z be i(-6). What is the highest common factor of l and z?
2
Let m = 173 - 65. What is the highest common factor of m and 6?
6
Let p(s) = 7*s - 43. Suppose -2*y - 70 = -9*y. Let o be p(y). What is the highest common factor of 27 and o?
27
Suppose -4*z = 4*r + r - 275, -4*r + 220 = -5*z. Calculate the greatest common factor of 605 and r.
55
Suppose -34 = -6*i + 38. Let r(k) = k**3 - k**2 - k - 3740. Let x be r(0). Let b be i/10*x/(-51). Calculate the greatest common divisor of 8 and b.
8
Suppose 9*r - 257 - 130 = 0. Calculate the greatest common factor of 129 and r.
43
Let w(i) = -168*i - 599. Let a be w(-4). What is the highest common factor of a and 803?
73
Suppose v = -5*p - 10 - 3, -73 = -4*v + 5*p. Calculate the highest common factor of 228 and v.
12
Suppose -15*a = -198 - 117. Calculate the greatest common divisor of a and 357.
21
Let 